5/(-3)) + l. Calculate the greatest common factor of d and 162.
18
Suppose -5*u + 70 = -3*x, 2*u = u + 4*x - 3. Let f = 11 + -8. Suppose -93 = -5*a + 4*n, -3*a - f*n = -8*n - 61. Calculate the highest common divisor of u and a.
17
Suppose -12 = -5*j + 3*f, 0*j + 3*f = j. Suppose -j*z + 36 = -4*x, x = 5*z - 0*x - 43. Calculate the greatest common factor of z and 56.
8
Let p = -5 + 18. Suppose 0*u + 1991 = 4*u - 5*g, 3*u = -3*g + 1473. Let j = -351 + u. What is the highest common factor of j and p?
13
Suppose 5*t = 5*u + 50, 42 = 4*t + 5*u + 11. Suppose 3*s - 8 = s. Suppose -s*v = -3*v - 81. What is the highest common factor of v and t?
9
Let u be (-2)/4*5*-10. What is the highest common divisor of 5 and u?
5
Let x be 242/14 - (-24)/(-84). Calculate the greatest common divisor of x and 136.
17
Let n(i) = 33*i + 36. Let t be n(6). Calculate the greatest common divisor of 39 and t.
39
Let j = 39 + -21. Let i = 3 + j. What is the highest common factor of 7 and i?
7
Suppose 10*c = 7*c + 147. Suppose -s = -41 - c. Calculate the highest common factor of 9 and s.
9
Let k = 159 + -311. Let a = k + 260. What is the greatest common factor of 27 and a?
27
Let o(m) = 26*m + 2. Suppose -s + 6*s - 15 = 0. Let n be o(s). What is the highest common divisor of n and 16?
16
Suppose 0 = -3*g - 3 + 18. Suppose 0*u + 94 = 2*u - 2*i, 5*u = -5*i + 215. What is the highest common divisor of g and u?
5
Suppose -24 = -2*w - 5*g, 5 = w - 0*g - g. Suppose -x - 36 = 2*x. Let b be (x/(-3))/((-1)/(-14)). What is the highest common divisor of b and w?
7
Let k(q) = 2*q - 10. Let p(u) = 2*u - 11. Let f(n) = 3*k(n) - 2*p(n). Let j be f(11). Suppose 5*r - 26 = j. Calculate the highest common divisor of r and 64.
8
Let u(y) = y**2 + 3. Let p be u(-5). Calculate the greatest common divisor of p and 70.
14
Suppose 0 = 5*g + 264 - 864. Suppose -z + 3*z = -k + 7, 0 = -2*k + 4*z + 46. What is the highest common factor of k and g?
15
Suppose -4*r + 19 = -3*r + 3*y, 0 = -4*y - 4. Calculate the greatest common factor of 198 and r.
22
Suppose -5*m - 5 = -3*t - 67, 0 = 2*m + 4*t - 4. What is the highest common factor of m and 5?
5
Let a be (-1 + -143)/((-3)/2). Suppose -4*i + 92 = 2*n, -n - 2*i = n - a. Suppose -16 - n = -2*z. What is the greatest common divisor of z and 22?
11
Let i(q) = q**3 - 3*q**2 - q + 2. Let t be i(6). Calculate the greatest common factor of 13 and t.
13
Suppose -6*c = -3*c - 60. What is the highest common factor of 4 and c?
4
Suppose 3*c = -26 + 227. Suppose c = 4*o - 45. Calculate the greatest common factor of 4 and o.
4
Let x(j) = j**2 - 4*j + 5. Let w be x(4). Suppose -11 = -3*o - w. Suppose 0 = 3*u - o*u - 13. What is the highest common divisor of 130 and u?
13
Let j(o) = -o**2 - 3*o + 2. Let d be j(-4). Let v = 4 + d. Suppose w + 5 - 10 = 0. What is the highest common factor of v and w?
1
Let y = 85 - -32. Calculate the highest common factor of y and 13.
13
Let j(r) = -r + 11. Let u be j(10). What is the highest common divisor of u and 5?
1
Let k(g) = -g**3 - g**2 + 105. Suppose -8*a + 4*a = 0. Let w be k(a). What is the greatest common factor of w and 42?
21
Let p be (-3)/6*(2 + 166). Let l be (p/16)/(3/(-16)). What is the greatest common divisor of 42 and l?
14
Let j(y) = y**3 - 5*y**2 - 2*y - 8. Let o be j(6). Let d be (-9 - -5)*(0 + -1 + -27). Calculate the highest common divisor of o and d.
16
Let z(i) = -i**2 - i. Let l(g) = -5*g**2 - g - 2. Let h(f) = -l(f) + 4*z(f). Let s be h(7). Calculate the highest common divisor of 10 and s.
10
Let q(d) = d**3 + 6*d**2 - d + 4. Let s = -15 + 9. Let r be q(s). What is the greatest common factor of 110 and r?
10
Suppose 4*o - 99 = 845. Suppose 3*x - o = 121. What is the highest common factor of 17 and x?
17
Let w = 61 + -21. Suppose 60 = 5*k + 5*p, -3*p = -3 - 9. What is the greatest common factor of w and k?
8
Let h(x) = x**2 - 4*x - 2. Let v be h(5). Suppose -v*p + 8 = -1. Suppose 2*f + 0*f + 5*t = -4, 4 = -2*t. Calculate the highest common factor of f and p.
3
Let f = -128 + 56. Let i be ((-6)/(-9))/((-4)/f). Calculate the greatest common factor of i and 2.
2
Suppose -4*h - 2*m + 248 = -16, 0 = 5*h - 4*m - 317. What is the highest common divisor of 13 and h?
13
Suppose -4*a + 11 = -41. Let j = 9 - -17. What is the highest common factor of j and a?
13
Suppose 8*g - 4*g + b = 6, -3*b = -g + 8. What is the highest common factor of 2 and g?
2
Suppose 5*y + 25 = 0, 0 = 4*r - 0*y - 5*y - 89. Suppose -2*n + 3*n = 176. Calculate the highest common factor of r and n.
16
Let n = -8 + 11. Suppose 2*k = -2*k - n*d + 120, 2*d = -5*k + 143. What is the greatest common factor of k and 9?
9
Let c(t) = 5*t + 24. Let b(o) = -o - 1. Let y(l) = 4*b(l) + c(l). Let x be y(0). Calculate the highest common factor of 20 and x.
20
Suppose 31 + 29 = 3*z. Let k(j) = 4*j**3 + 2. Let s be k(3). Suppose 5*g - s = 40. What is the greatest common factor of z and g?
10
Suppose 3*v = -d + 132, 55 + 286 = 3*d - 2*v. Let t = d - -8. Suppose -5*y = 2*w - 50, w - 25 = 3*y - 0*y. Calculate the highest common factor of t and w.
25
Suppose -35 + 503 = 4*h. Calculate the greatest common factor of 9 and h.
9
Let r = 11 + -11. Suppose -2*i + 96 = 5*q, r*i - 3 = -i. Calculate the highest common divisor of q and 27.
9
Let c = -8 - -3. Let d be c*1*(-126)/35. Calculate the highest common factor of d and 45.
9
Suppose -4*u = 4*p - 16, 4*p - u - 3*u = 0. Suppose 3*h - p*d - 116 = 0, 3*d - 2 = 4. Calculate the highest common factor of 20 and h.
20
Suppose 0*g = g - n - 27, 3*g + n = 77. Suppose -150 = 4*k - 5*k. Let q = 215 - k. What is the greatest common factor of g and q?
13
Let s be (176/(-20))/(1/(-5)). Suppose 2*u + u + o = s, 3*u - 56 = 2*o. What is the greatest common factor of 80 and u?
16
Suppose 3*q + 5*l + 8 = 0, -2*q = 3*q + 3*l - 8. Suppose q*y - 3*s + 6*s - 96 = 0, -2*y = -5*s - 22. What is the greatest common factor of y and 3?
3
Suppose -2*a - 17 = -r - 6*a, -2*r - 2*a = -28. Let i = -5 + r. Let n be 48/(((-36)/(-8))/3). What is the greatest common divisor of n and i?
8
Let y be ((-2)/8)/(7/(-196)). What is the greatest common factor of y and 7?
7
Suppose 0 + 12 = 4*d, -5*l + 29 = -2*d. Calculate the highest common factor of 49 and l.
7
Suppose -4*v - 60 = -4*r, 2*r + 16 = 3*r - 2*v. What is the greatest common factor of r and 2?
2
Let s = 77 - 67. What is the highest common factor of 50 and s?
10
Let p be ((-7)/4)/(1/(-8)). Calculate the highest common factor of 2 and p.
2
Suppose 81 = 2*s - 5*f, 0 = 6*s - s - 2*f - 234. Suppose 0 = -j - 3*h - 2*h + 16, 2 = h. Calculate the greatest common divisor of s and j.
6
Let i = -23 + 163. Suppose 4*z = t + i, -4*z = t - 102 - 46. Calculate the highest common divisor of z and 9.
9
Suppose 3*w = 0, 5 = 2*b + 4*w - 15. What is the highest common factor of b and 30?
10
Let s(m) be the third derivative of -m**6/60 - m**5/15 + m**4/12 + 2*m**3/3 + m**2. Let i be s(-3). Calculate the highest common factor of 4 and i.
4
Let y be (8 - 13)*(-3 - -2). Calculate the greatest common divisor of 25 and y.
5
Let m be -2*8/8*-2. Let t be (-1)/2*(1 - 31). Let h = t - 9. What is the highest common factor of m and h?
2
Suppose 0*y + 252 = 9*y. Calculate the highest common divisor of y and 42.
14
Let i = 126 - 81. What is the greatest common divisor of 45 and i?
45
Suppose 40 = 2*v - 92. Suppose 3*x + g - 11 = 11, 3*g = 2*x. Calculate the greatest common factor of x and v.
6
Let b = 114 - -183. What is the highest common factor of b and 27?
27
Let c(d) = -d + 1. Let x(b) = -12*b. Let j(f) = -10*c(f) + x(f). Let k be j(-9). Let n be 2/6*(k + 4). What is the highest common factor of 32 and n?
4
Let k(b) = 4*b**2 + 2*b + 2. Let s(t) = -t - 8. Let y be s(-6). Let r be k(y). What is the highest common divisor of r and 14?
14
Let y(f) be the second derivative of 5*f**3/6 - 5*f**2/2 + f. Suppose h + 14 = 3*h. Let t be y(h). Calculate the greatest common factor of t and 20.
10
Let l = 53 + -35. Calculate the highest common divisor of 18 and l.
18
Suppose -5*x + 25 = -15. Let a be (-218)/(-9) + 4/(-18). Calculate the greatest common factor of a and x.
8
Suppose 3*u + i - 11 = 0, 0 = -2*u - i + 3 + 6. Suppose -l = z + u*z - 2, -3*l = -2*z + 5. Calculate the greatest common divisor of z and 1.
1
Let s be 3556/98 + (-2)/7. Calculate 